
Let x(g) = -g + 0 + 3*g + 2. Let h be ((-6)/4)/(-3)*0. Let w be -1 - 2 - (0 + h). What is x(w)?
-4
Let f(c) = 3 - 19*c - c**2 + 5*c + 6*c. Determine f(-6).
15
Let z be (-4)/(1/1)*-1. Suppose z*x = -p - 5, -2*p - x = -p - 1. Let o(d) be the second derivative of d**4/12 - d**3/2 + 2*d**2 + 20*d. Calculate o(p).
4
Let p = -6 + 8. Let d(h) = p*h**2 + 6 - 5*h**2 - 2*h**2 + 4*h**2. What is d(0)?
6
Suppose 5*s - 4 - 11 = 0. Suppose 0*i = -s*i. Let c(x) = -x**3 + x**2 - x. Give c(i).
0
Suppose n + n - 8 = 0. Let i(q) = 2*q - 2. Let y(k) = -2 - 1 + 5*k + 0*k - 2. Let w(f) = 7*i(f) - 3*y(f). What is w(n)?
-3
Let t(b) = -2*b**3 - 2*b**2 + 1. Let h be t(-1). Let f(p) = 0 - p + 0*p - 4 + 6. Give f(h).
1
Let y(j) = -3*j**2 + 3*j. Suppose 0 = -10*u + 20. Give y(u).
-6
Let i(k) = k + 6. Suppose c - 3*r - 9 = 0, 35 = -5*c - r - 0. Determine i(c).
0
Suppose 0 = -8*o + 5 - 29. Let w(a) = -4*a - 4. What is w(o)?
8
Let b(w) = -4*w**3 - w. Let i(y) = 2*y**2 - 9*y + 3. Let d be i(4). Calculate b(d).
5
Let x(g) = -g + 1. Let q(a) = -2*a + 6 - 4 + 0*a. Suppose -2*w - 6 = 2*r, 3*w + 2*r = -7 + 2. Let o(c) = w*q(c) - x(c). Calculate o(1).
0
Let m(t) = -2*t**2 - 14*t + 11*t + t**2 + 5 + 7*t. What is m(4)?
5
Suppose 7*x - 15 = 2*x. Suppose -x*h - 17 = -5*t, 5*h - 1 = t - 0. Let p(v) = 2*v - t*v - v. What is p(-1)?
3
Let o(d) = -d + 2. Let m(a) = 5*a - 4. Suppose 21 = 4*k - u, 5*k - 3*u + 0*u = 28. Let x be m(k). Suppose 0 = 5*h + x - 6. Give o(h).
5
Let y be -2 - (5 - (0 - -3)). Let d(m) be the first derivative of -11*m**2/2 - 8*m + 2. Let f(v) = -5*v - 4. Let q(i) = 3*d(i) - 7*f(i). What is q(y)?
-4
Let k(b) = -b**3 - 9*b**2 - 12*b + 12. Let n be k(-7). Let v(s) = s**3 + s - 1. Let g(q) = -7*q**3 - q**2 - 7*q + 4. Let w(z) = g(z) + 5*v(z). Give w(n).
15
Let d(p) = 56*p. Let c(f) = -8*f. Suppose -1 = -2*x + 5. Let m(g) = x*d(g) + 20*c(g). Let b = 2 + -3. What is m(b)?
-8
Let u(i) = i + 2. Let b be u(-3). Let x be (3/3)/(-1)*b. Let y(h) = h**3 + h**2 - h. What is y(x)?
1
Let v be (3 - (-4 - -7)) + 3. Suppose 5*r = -2 - v. Let k(n) = -7*n**2 - n. Give k(r).
-6
Let i be ((-20)/15)/((-3)/9). Suppose 4*h + 5*o = -6 - 3, o - 3 = i*h. Let p(n) = n**3 + 3*n**2 + n. Give p(h).
1
Let f(p) be the third derivative of p**8/20160 - p**7/840 + p**5/15 - 5*p**2. Let g(q) be the third derivative of f(q). Calculate g(5).
-5
Suppose 9*n = 6*n - 27. Let o(x) = x**2 + 8*x - 9. Give o(n).
0
Suppose 0 = 6*r - 4*r - 4. Let m(k) = -4*k + 2. Calculate m(r).
-6
Let u be (-4)/8 + 35/2. Suppose 2*t = 2, 7*i - 3*i - 5*t + u = 0. Let q(w) = w - 4. Determine q(i).
-7
Let y(l) = 4*l + 14. Let v(t) = 5*t + 16. Let z(w) = 3*v(w) - 4*y(w). What is z(0)?
-8
Let f(k) = k**3 - k**2 + k + 6. Let j = 11 - 15. Let r be (-48)/(-22) - j/(-22). Suppose 2*v + t + 2 = -0, -2*v = r*t + 4. Give f(v).
6
Let l(u) be the second derivative of u**5/20 + u**4/4 + u**3/3 + 3*u**2/2 + 3*u. Suppose 0 = -5*i - 0 - 15. Calculate l(i).
-3
Let l(d) be the second derivative of 1/2*d**2 - 2/3*d**3 + 0 + 7*d. Let p = 1 - 0. Determine l(p).
-3
Let c(p) be the second derivative of p**4/12 + p**3/2 - 2*p**2 + 4*p. Let h = -18 - -8. Let u = h - -5. Determine c(u).
6
Let y(b) = -2*b - 5. Let t be (12/8)/(2/4). Let p(x) = x - 4 + 6 + 0*x. Let k(z) = t*y(z) + 7*p(z). Calculate k(-4).
-5
Suppose -5*c - 5 = 4*w + 15, 20 = -4*w. Suppose -2*u + 0*u + 8 = c. Let q(d) = -1 + 4*d + 0 - 3 - 2*d. Calculate q(u).
4
Let h(m) be the third derivative of m**5/15 - m**4/24 + 4*m**2. Suppose -5*z - 1 = 2*u + 10, -4*u = -5*z + 7. Calculate h(z).
5
Let l(p) be the third derivative of 0*p + 5/24*p**4 - 5*p**2 + 0 + 2/3*p**3 - 1/60*p**5. What is l(6)?
-2
Let l(p) = p**3 - 8*p**2 + 7*p - 1. Let m(b) = -3*b + 16. Let i be m(3). Calculate l(i).
-1
Let g(z) = -z + 3. Let t be 2/6 - (-2)/(-6). Let i be g(t). Let j(p) = -p**3 + 2*p**2 + 3*p - 2. Determine j(i).
-2
Let p be 4/20 - 59/(-5). Suppose -4*f - 4*h = -p, -f + 4 = f + h. Let s(i) = -i - 1. What is s(f)?
-2
Let k(c) = 3 + 3 + 103*c**3 - 104*c**3 - 8*c**2 + c. Give k(-8).
-2
Let q(n) = 3*n + 7. Let f(h) = 2*h + 4*h - 7*h - 3. Suppose -4*i + 2*v + 18 = 0, 2*v + 16 = 3*i - 0. Let m(p) = i*q(p) + 5*f(p). Calculate m(-5).
-6
Let t = -32 - -28. Let d(q) = 2*q + 1. Give d(t).
-7
Let i(q) = -2*q + 6. Let w = 1 - -3. Suppose 0 = r - 2*h, w*h = 3*r + 2 - 0. Let k be 3*r/(-3)*2. Give i(k).
-2
Let g(h) be the first derivative of 0*h - 5/24*h**4 - h**2 - 1/6*h**3 + 1. Let q(p) be the second derivative of g(p). Determine q(1).
-6
Suppose 3*p - 2*d = 2*d + 2, p = 5*d - 3. Let o be 3*(p - (-4)/(-3)). Let f(s) be the first derivative of s**2/2 + 2*s + 3. What is f(o)?
4
Let d(s) = -s + 2. Let o be d(6). Let f(k) = k - 1. Let v(w) = -5*w + 9. Let z(r) = -6*f(r) - v(r). Calculate z(o).
1
Let c(n) = 7*n - 3. Let w be c(1). Let y(h) be the first derivative of 2*h**2 - 5*h - 4. What is y(w)?
11
Let r(z) = -4*z + 2. Let y(o) = 8*o - 5. Let b(i) = 7*r(i) + 3*y(i). Suppose 17 = 5*m + 2. Let t = -5 + m. Determine b(t).
7
Let p be ((-12)/(-5))/((-5)/(-150)). Let j be (-2)/10 - p/15. Let l(v) = 2*v + v**3 - 4*v**2 + 5 + 1 + 9*v**2. What is l(j)?
-4
Let g(c) = c**2 - 3 + 6*c - 6*c + c**3 + 6. Let q(s) = -s + 3. Let x be q(3). Calculate g(x).
3
Let o be (-2)/(-3) - 26/(-6). Let y(z) = -z**3 + 4*z**2 + 8*z - 5. What is y(o)?
10
Let l(n) be the second derivative of -n**5/20 + n**4/4 + n**3/3 - n**2 - 2*n. Let y be ((-24)/(-18))/((-4)/(-9)). Calculate l(y).
4
Suppose 2*l = l. Let s(g) = -g**2 + g - 4. Determine s(l).
-4
Let s(o) = -o**3 - 3*o**2 - 3*o. Let l be s(-2). Let y = 1 + l. Let b(g) = 4 + 3*g + y*g**2 + 5*g - 2*g**2. Calculate b(-5).
-11
Let n(l) = 14*l**3 + 23*l + 11. Let u(f) be the third derivative of -f**6/24 - f**4/3 - 2*f**3/3 - 3*f**2. Let t(w) = 6*n(w) + 17*u(w). Determine t(2).
-6
Let p(l) = -l - 4. Let b = -4 - -7. Calculate p(b).
-7
Let h(w) = -w. Let y(d) = -5*d + 3. Let a(p) = -3*h(p) + y(p). Let r be a(2). Let q(s) = -1 + 0*s**2 + s**2 + s**2. What is q(r)?
1
Let i(u) be the third derivative of u**6/120 + 7*u**5/60 + 7*u**4/24 - 7*u**3/6 - 14*u**2. Give i(-6).
-13
Let w be (4/(-6))/(1/6). Let o(j) = 29*j - 17*j - 8 - 2*j**2 + 1 - 19*j + 1. What is o(w)?
-10
Let p(w) = -w**3 + 2*w**2 - w. Let h = -3 - -6. Calculate p(h).
-12
Suppose -3*c + 27 = 3*y, -4*y - 19 - 5 = -2*c. Suppose 6 = -2*q + 3*o - c, -5*q - 5*o = -10. Let v(b) = -2 - 3*b + 0*b + 5*b. Calculate v(q).
-6
Suppose -z - 5*f - 3 = 2*z, -5*z - 3*f - 21 = 0. Let j be (-20)/15*z/4. Let n(g) = g**3 + 5*g + 4*g**j - 1 - 2 - 11*g. Calculate n(-5).
2
Let k = -3 + 8. Suppose -b = 4*o - 9, 2*o - 3*b - k = -4*b. Suppose -o*u = -3*g, 3*g = 2*u - 3*u. Let c(t) = t - 4. Determine c(u).
-4
Let l(v) = -2*v - 10. Let m = -21 + 13. Calculate l(m).
6
Let y(u) = -6*u. Let n = -42 - -43. Determine y(n).
-6
Let c(w) = w**3 + 7*w**2 + 7*w + 7. Let i be -8 - (-7)/((-7)/(-2)). What is c(i)?
1
Suppose -15*d + 10*d = 0. Let r(m) be the second derivative of m**4/12 + m**3/6 + 3*m**2/2 - 2*m. Give r(d).
3
Let d(g) = -g**2 + 5*g + 4. Let m be 12/8*(-5 - 1). Let n be (m/5)/(9/(-30)). Give d(n).
-2
Let q(p) be the second derivative of -p**4/12 + 3*p**2/2 - 12*p. Calculate q(0).
3
Let n(m) = m**2 + 12*m + 11. Let p be n(-11). Let z(d) be the second derivative of 1/6*d**3 + d**2 + 1/12*d**4 + p + 2*d. Calculate z(0).
2
Let w(d) = 10 - 4 + 4 + 8*d - 7*d. What is w(-9)?
1
Let t = 6 + -3. Let m = t + 1. Let v(i) = i**2 - 2*i - 4. Calculate v(m).
4
Suppose 0 = 4*k + 3*g + 7, 5*k - 4*g - 35 = g. Let a(l) = 0*l + l**2 - 1 - 3*l**3 + l - k*l**3. What is a(1)?
-4
Suppose 0 = 5*n - 3*n. Let u(s) = -s - 5. Calculate u(n).
-5
Let x(v) = -1. Let t(d) = -d - 6. Let j(k) = t(k) + 2*x(k). Let h(n) = -n**2 + 9*n - 2. Let l be h(8). Suppose -20 = l*m - m. Calculate j(m).
-4
Let t(l) = l**2 - 4*l - 8. Suppose 2*b + 3*a = 3*b - 21, -5*a - 25 = 0. Determine t(b).
4
Let s(d) = d**3 - 4*d**2 + 2*d - 4. Suppose 3*l = t + 37, -t - 30 = -2*l + t. Suppose q - 3*u = 5 + 8, -3*u + l = 5*q. Give s(q).
4
Let q(n) = -n**2 - 4*n + 3. Let l be ((-3)/(-6))/(2/(-4)). Let k = l + 5. Let p = -1 - k. Determine q(p).
-2
Let q be 27/36*8/3. Let y(t) = q*t + 1 - 3*t + 0*t. What is y(-5)?
6
Let q(f) = -f**3 - f**2 + 4*f + 2. Let x be q(-3). Suppose -5*b = 10, 3*r + b = -3*b - x. Let w(k) = k - 9. What is w(r)?
-9
Let o(j) = -j**3 